 Let j(d) = d - 4. Let y be j(v). Determine w(y).
6
Let m = 6 + -4. Let j(b) = 2*b**2 - 9*b + 1. Let w(f) = -f**2 + 5*f. Let h(v) = 3*j(v) + 5*w(v). Calculate h(m).
3
Let j(n) = 6*n. Let o(u) = -u**2 + 7*u + 8. Let h be o(8). Suppose -z = -h*z. Suppose -4*f + z*f + 4 = 0. Determine j(f).
6
Let h(a) = -a**3 - 5*a**2 + 3*a + 1. Let u be -1*10/(-4)*(5 + -7). Give h(u).
-14
Let r(h) = -h + 5. Let t be r(0). Suppose 5*p - t*s = -11 - 4, -p + 4*s - 15 = 0. Let d(i) = -5*i**2 + i + 3*i**2 - 2*i. Give d(p).
-3
Suppose 3 + 13 = -8*g. Let p(m) = -m**3 - 3*m**2 - 3*m - 2. What is p(g)?
0
Let g(i) = 2*i**3 + 5*i**2 + 2*i - 2. Let s be 24/(-20)*15/6. Give g(s).
-17
Suppose -5*x - 2*b = -3*x - 20, 0 = 5*x - b - 20. Suppose 4*v = -3*w - 10, x*w - w + 12 = -4*v. Let g(y) = 2*y**2 - y + 2. What is g(w)?
12
Let y(v) = 2*v + 1. Suppose -6*u = -11*u + 20. Calculate y(u).
9
Let q(f) = f**2 + 7*f + 1. Let b be q(-7). Let x(u) = -8*u**3 - u. Determine x(b).
-9
Let v(h) = h. Let a(s) = -9*s - 2. Let q(y) = -a(y) - 6*v(y). What is q(-2)?
-4
Let g(a) = 7*a**2 + 2*a - 1. Let m be 4/(-8)*(4 - 2). Let p(l) = l**2. Let j(x) = m*g(x) - p(x). Suppose 5 = 2*s + 3. Determine j(s).
-9
Let z(n) be the first derivative of n**2 + 7*n - 6. Calculate z(-7).
-7
Let p(z) be the first derivative of z**3/3 + 2*z**2 - 3*z + 35. Determine p(-5).
2
Let j(t) = -6*t**2 + t. Let i = 4 - 6. Let d be (-8)/((12/i)/3). Suppose 0 = -d*o - 5*x + 4*x, 0 = o - 4*x - 17. Determine j(o).
-5
Let x = -9 + 8. Let q(n) = 3*n**2 - 2*n - 1. Let g be q(x). Let u(a) = a + g*a - 10 - 4*a. Calculate u(0).
-10
Suppose 7*x - 3 = -38. Let y(k) = k**2 + 7*k + 3. What is y(x)?
-7
Let m = 116 + -114. Let a(g) = -2*g**3 + 2*g**2 + g + 2. Determine a(m).
-4
Let i be ((-12)/(-18))/((-4)/30). Let t(m) = 2*m + 6. What is t(i)?
-4
Let b(i) be the first derivative of 1/2*i**2 + 3 + 0*i**3 - 1/4*i**4 + 0*i. Let n(x) be the second derivative of b(x). Calculate n(-1).
6
Let d(l) = -l**3 - 6*l**2 - 6*l - 1. Suppose -148 = -5*s - b, 2*b + 30 + 94 = 4*s. Suppose -6*f + f = -s. Let k be 2/(9/f + -2). Calculate d(k).
-9
Let z(o) = 7*o**2 - 2*o + 1. Let d be z(1). Let f(q) be the first derivative of -q**3/3 + 7*q**2/2 - 7*q + 12. Calculate f(d).
-1
Let c(p) be the first derivative of -2*p**2 - 5*p - 12. Calculate c(-4).
11
Let p(j) = -j**3 + 2*j**2 + 3*j - 4. Let l be 180/(-6)*2/(-3). Let q = l + -17. Give p(q).
-4
Let l(u) = -11*u**2 + 7*u + 2. Let b be -1 - -2*(-1 - 1). Let v(p) = -7*p**2 + 5*p + 1. Let w(j) = b*l(j) + 8*v(j). Calculate w(3).
4
Let r(s) = -4*s + s**3 + 4*s**2 + 4*s. What is r(-3)?
9
Let q(t) = -t**3 - 4*t**2 + 4*t. Let z be q(-5). Suppose z*p - 2*p = 3*x - 9, -2*p - 3 = -x. Let w(v) = -v**2 + v - 3. Give w(p).
-3
Let s(d) be the first derivative of d**3/3 + 7*d**2/2 + 6*d - 1. Suppose -2*o = -35 + 11. Suppose -3*a - o = -0. Give s(a).
-6
Suppose 2 - 32 = -5*t. Suppose -3*j + 5*j = t. Let y(g) = g**3 - g**2 - 4*g + 2. Determine y(j).
8
Let c(g) = -g**3 - 4*g**2 - 4*g - 4. Let l(j) = j**2 + 2 - j + 0*j - 1. Let p be l(0). Suppose w + p = -2. What is c(w)?
-1
Suppose -5*h - t + 2*t + 36 = 0, 0 = -3*h + t + 20. Let x(q) = h*q + 1 - 5 + 5. Calculate x(1).
9
Suppose -5*s = g - 3 + 2, 2*g + 4 = -4*s. Let l = 2 - s. Let d(u) be the second derivative of -7*u**3/6 + u**2/2 + u. Give d(l).
-6
Let f(g) = -5*g**3 - 7*g**2 - 9*g + 5. Let i(b) = -6*b**3 - 7*b**2 - 10*b + 5. Let y(j) = -5*f(j) + 4*i(j). Calculate y(-6).
1
Let n(s) = s**2 - 6*s + 4. Suppose -3*m = 34 - 49. Determine n(m).
-1
Let c(o) = 2*o + 2 - o - 3*o + o**2. Let j = -215 - -217. What is c(j)?
2
Let t(q) = q**3 + 3*q**2 - 3*q - 6. Let a(w) = w**3 + 5*w**2 + w + 1. Let u be a(-5). Calculate t(u).
-10
Let o(t) = 2. Let k(j) = -1. Let n(w) = -3*k(w) - o(w). Let i(d) = -d + 11. Let f(v) = i(v) - 6*n(v). Determine f(6).
-1
Let p be ((-2)/(-6))/((-2)/(-6)). Let s(b) = 5*b**2 - 4. Let j(l) = 5*l**2 - 5. Let n(r) = -4*j(r) + 5*s(r). Give n(p).
5
Suppose 3*a - a = -10. Let r(k) = 455*k**2 - 461*k**2 - 4 - 3*k**3 - 3*k**3 + 5*k**3 - 4*k. Calculate r(a).
-9
Let d(x) = 1 - 2 + x - 1. Let h(n) = -n**3 + 10*n**2 - 9*n. Let r be h(9). Suppose -s - 2*s + 9 = r. Give d(s).
1
Let a(o) = 4 + o + 7*o + o - 2*o. Determine a(-3).
-17
Let o be (6/4)/((-3)/(-6)). Suppose -n = -o*n. Let a(x) = 0*x + x**2 - 2*x**2 + 7 + x. Give a(n).
7
Let m(d) = -d**2 + 5*d - 1. Let t be m(2). Suppose 0 = -0*r - t*r. Let i(l) = -2 + 0 + 5 + l. Give i(r).
3
Let j(s) be the third derivative of s**5/60 - 5*s**4/24 - s**3/2 - 5*s**2. Calculate j(5).
-3
Let n(k) = -5*k**2 - 2*k + 3*k + 3*k**2. Let z = -67 - -68. Give n(z).
-1
Let z(b) be the third derivative of b**4/24 + b**3/6 - 5*b**2. Give z(-7).
-6
Let q(g) = -g + 2. Suppose -14 - 2 = 2*c. Let b(a) = -6 - 2 + 3*a + 3. Let p(v) = c*q(v) - 3*b(v). What is p(0)?
-1
Let m(j) be the second derivative of -j**3/6 - 11*j**2/2 - j. Let s be 26/4 - 1/2. Let f(z) = 2*z + 23. Let k(g) = s*f(g) + 13*m(g). Calculate k(0).
-5
Let k(n) = -9*n**2 + 8*n. Let m(x) = -9*x**2 + 7*x. Let h(z) = -6*k(z) + 7*m(z). Determine h(-1).
-10
Suppose n + 16 = 5*n. Let q(d) = -2*d + 4 + 1 - n. Determine q(-2).
5
Let t be 78/4 - 4/(-8). Let m be ((-1)/4)/((-5)/t). Let u be (-1 + 3 - -2)/m. Let v(d) = d**2 - 5*d - 2. What is v(u)?
-6
Let r = -6 + 1. Let z(d) be the second derivative of -d**5/20 - d**4/3 + d**3/2 - 7*d**2/2 + d. What is z(r)?
3
Let u(h) = -h**2 - h + 7. Let q(g) = -2*g**3 + 17*g**2 + 8*g + 4. Let o be q(9). Determine u(o).
-13
Let t(d) = 3*d - 1. Let s(a) = -a. Let n(c) = 6*s(c) + 3*t(c). Let r = -1 - -3. Suppose 0 = r*y - 3*h + 2*h - 5, -h - 1 = 0. Calculate n(y).
3
Suppose 19 + 65 = 4*m. Let n be 6/m - 5/(-7). Let d(l) = 4*l**3 - 2*l + 1. What is d(n)?
3
Let v(s) = -s**3 + 3*s**2 + 2*s + 1. Suppose 0*g - 15 = -3*g. Suppose -i + 6*i = g*h, -3*i - 5*h + 16 = 0. Determine v(i).
9
Let n(c) = -2*c**2 + 2 - 17*c - 3 + 18*c. Determine n(-2).
-11
Let i = -10 + 6. Let k be 3/(-12) - 17/i. Let o(t) = 3*t - 6. Determine o(k).
6
Suppose -16 = -4*n - 4*r, 2*r = 2*n + 3*r - 3. Let m be 4 + 0/((-2)/n). Let b(c) = -2*c - 3. What is b(m)?
-11
Let n(a) = -a - 4. Suppose 5 = -16*z + 17*z. Determine n(z).
-9
Let w = 40 + -35. Let k(p) be the second derivative of -1/20*p**w + 1/2*p**3 + 3*p - 1/4*p**4 + 0 + 1/2*p**2. Determine k(-3).
-8
Let h(r) be the third derivative of -r**4/4 - r**3/2 + 12*r**2. Suppose 0 = 2*w + 1 + 3. Give h(w).
9
Let r(n) = 5 + 2*n - 1 - 3 + n**2. Give r(-3).
4
Suppose -g + 3 - 1 = 0. Let s(x) = 6*x + 5*x**2 - 2*x**2 - g*x**2 + 1. Suppose 4*o + 2*a + 12 = 0, -5*o + a + a - 33 = 0. Determine s(o).
-4
Let h = -1 + 5. Let t be 68/18 + h/18. Let l(c) = t - c**3 + c - 4. Determine l(-2).
6
Let y(r) = -r + 6. Let i = 11 - 9. Let m be 1 + (6 - i/2). Determine y(m).
0
Let i(o) = -o**3 - 9*o**2 - 7*o + 4. Let w(y) = -y**3 - 10*y**2 - 8*y + 5. Let t(s) = 6*i(s) - 5*w(s). Suppose 2 = -2*b + 4*h - 4, 2*h = 0. Calculate t(b).
-4
Suppose 4*n + 6 = 34. Let x be (1 - 1) + -1*10. Let m = n + x. Let i(v) = 2*v - 1. Determine i(m).
-7
Let u be (-1)/(-2)*2 + 3. Let n(j) be the first derivative of -j**6/360 + j**5/60 + 5*j**4/24 - j**3/3 - 1. Let y(t) be the third derivative of n(t). Give y(u).
-3
Let k(q) = q**3 - 11*q**2 - 11*q - 11. Let x be k(12). Let w(y) = -y**2 + 2*y. What is w(x)?
1
Let r(p) = -5 + 2 + p - 4. Suppose 2*w - 7 = -4*d + 9, -w = 4. Give r(d).
-1
Let c be 15/(-6)*(-24)/15. Let p(k) = -k**2 + 6*k + 1. Determine p(c).
9
Let r(u) = u - 8. Let f(t) = 3*t - 15. Let y(h) = -3*f(h) + 7*r(h). Let w be (4*-1)/2*4. Let p be y(w). Let s(v) = v**2 - 4*v. Determine s(p).
5
Let h(j) = -4*j**2 - 7*j + 4. Let o = 5 + -7. Let m(x) = -3*x**2 - 6*x + 3. Let k(s) = o*h(s) + 3*m(s). Determine k(-3).
4
Let b(n) = -n**3 - 7*n**2 - 5*n + 5. Let u be b(-6). Let g(m) be the second derivative of 5*m**3/6 + 2*m. Determine g(u).
-5
Let h(p) = -p**3 - 5*p**2 + p - 2. Let g(j) = -j**2 + 6*j - 6. Let o be g(4). Let l = o - 7. Calculate h(l).
-7
Let s(p) = 4*p**3 - 5*p**2 + 8*p + 4. Let g(c) = -3*c**3 + 6*c**2 - 7*c - 3. Let x(a) = -3*g(a) - 2*s(a). Determine x(7).
-13
Let q(u) = -4*u + u + 0*u. Let j = -7 + 17. Suppose 0 = 5*t - 5*p, -t - t - 3*p = j. Give q(t).
6
Let w(c) = 1 - c**2 - 5*c + 2 + c + 6*c. Determine w(-3).
-12
Suppose -8*q - 4*l = -3*q - 20, -12 = -3*q - 5*l. Let o(t) = -t. Give o(